 = q - s. Is i a prime number?
True
Let o(w) = 10784*w**2 + 415*w - 2405. Is o(6) a composite number?
True
Suppose -3242 = -2*o - 2*s, 5*o + s = 5315 + 2770. Let n = 2717 - o. Is n a prime number?
False
Suppose 2*c + 26 = 30. Suppose -5*v - 5*o = -120, o + c - 95 = -4*v. Suppose -22*w - 5257 = -v*w. Is w prime?
False
Suppose 7691 + 29958 = 3*b - k, b - 3*k - 12563 = 0. Suppose -163*a + 159*a + b = 0. Is a composite?
False
Is (22 - 400/15)/((-2)/257151) a prime number?
False
Let f be 3 - ((-2)/((-8)/2668))/(-1). Suppose -3*d - 2*d - 2*y + f = 0, -4*y = 2*d - 252. Let n = 1345 + d. Is n prime?
True
Let f be (3 + 10/(-4))*2*157. Suppose 151*w - f*w = -1482. Is w a prime number?
False
Let k(x) = -12*x - 80. Let n be k(-7). Is (5 - -2)/(n/1516) a prime number?
False
Suppose -13800 = 2*l - 244790. Suppose 10*o - 5*o = l. Is o prime?
True
Is 85334/(-6)*9/((-33)/11) composite?
False
Suppose -44*o + 188390 = -34*o. Is o prime?
True
Let b(y) = 1413*y**3 - 5*y**2 + 47*y - 304. Is b(7) a prime number?
True
Let k(o) = -2*o**3 + 44*o**2 - 2*o + 46. Let m be k(22). Let f be (1 + -1)*(-2 + 3). Suppose c - z - 14 = 0, -m*c = -f*c - z - 33. Is c a composite number?
False
Suppose -61748 = -4*b + 2*r, 8*b - 5*r = 13*b - 77215. Is b prime?
True
Suppose -3*i = -9*i + 2*t - 2796, 0 = -4*i - 4*t - 1880. Is (13 + i)/((-2)/61) composite?
True
Suppose -d - 2*a - 8 = 0, -2*d + 6 + 8 = -2*a. Suppose 9647 = d*p - 3*u, 4*p = -u - 3*u + 19264. Is p composite?
True
Suppose 3*i = 3*i - i. Let f be -56 - -58 - (i - -1)*3. Is (0 + f)/((-2)/110) a prime number?
False
Suppose -4*f + 135 = z - 1532, 4*z + 4*f = 6632. Let d = 3838 - z. Is d a composite number?
True
Suppose -37*p = -8*p + 232. Is (-6026)/p + ((-5)/20)/1 composite?
True
Suppose -3*z + 12 = -i + 1, 5*i - 5*z = -25. Let p be (i/4)/(4/(-40)). Suppose -2*r + 453 = p*v, 0 = 4*v - 2*v + 5*r - 198. Is v a prime number?
True
Let d(x) = 4*x**2 - 4*x - 40. Let l be d(5). Is (-1338)/((20/l)/(2/(-8))) a prime number?
False
Let h be (-2)/(-3) - 7/(-3). Let n(z) = -66*z + 202. Let t be n(3). Suppose -994 = -5*x + 3*x + o, t*o - 1513 = -h*x. Is x a prime number?
True
Let k(f) = 108*f**3 - 14*f**2 + 7*f + 13. Let j be k(9). Is (-26)/117 + j/18 a prime number?
False
Suppose -4*u - 4*w + 172 = 0, 3*u + w - 174 = -45. Suppose 20990 = 53*i - u*i. Is i prime?
True
Is ((-14078858)/12 - 35/210)/((-15)/45) a prime number?
False
Let d(k) be the third derivative of -3*k**6/40 + k**5/30 + k**4/24 + k**3/6 - k**2. Suppose 9*h + 2*h + 22 = 0. Is d(h) a composite number?
False
Suppose -3*m = -0*m + d - 56, -4*m - d = -74. Let o be ((-6180)/m - 0)*12/(-10). Suppose 4425 = 7*u - o. Is u composite?
False
Suppose 0 = -7*z + 45585 + 24163. Suppose z - 32845 = -3*v. Is v a prime number?
False
Suppose 2*f + p - 4 = 1, p = -4*f + 9. Is f*3 - (-16)/(208/69433) composite?
False
Let h(o) = 253*o**2 + 17*o - 39. Let v be h(5). Let z = 7 - 5. Suppose 4*f = s - 328 + v, f = z*s + 1509. Is f a composite number?
False
Let x(f) = 88*f + 227. Let u = 411 + -388. Is x(u) a composite number?
False
Suppose 13 = 5*m - 0*f + 4*f, 0 = -m - 5*f - 10. Let z be 29636/10 + (7/m - 1). Let k = -1401 + z. Is k a composite number?
True
Let o = 982 - 988. Is 680058/27*o/(-4) a composite number?
False
Suppose -8559 = -2*z + 2*q + 5517, 0 = -2*z - 5*q + 14041. Is z composite?
True
Suppose 46126638 = -37*f + 3719088. Is (-4)/(-26) + f/(-390) composite?
False
Let k(c) = 6*c + 4. Let w be k(-1). Let b be w/(-6) + 15/9. Suppose -2*z - 2*p + 83 = -281, 3*z + b*p - 545 = 0. Is z a prime number?
True
Suppose -18*j - 9*j = -429696 - 460143. Is j a composite number?
False
Suppose 4*h - 3*g = 72049 + 153708, 0 = -h + 5*g + 56452. Suppose -1083 - h = -8*j. Suppose 1833 = -11*k + j. Is k a prime number?
True
Let l be (-16)/6*(-36)/48. Suppose 3*t = 2*t + 3*j + 13148, t + l*j = 13163. Is t a prime number?
False
Suppose 20*g - 1973395 + 83495 = 0. Is g a prime number?
False
Suppose -n + 11 = 9. Suppose 0 = -4*f - 0*f + 3*y + 13, -n*f - 1 = -3*y. Let w(k) = k**3 - 3*k + 9. Is w(f) prime?
True
Suppose 0 = 4*i + 5*m + 44 - 1219, -i + 294 = m. Let v(s) = -s**3 + 23*s**2 - 74*s + 82. Let l be v(20). Let k = i - l. Is k a composite number?
True
Let b(g) = -6954*g - 811. Is b(-5) a prime number?
False
Let w = 246221 + -79434. Is w composite?
True
Let i = -335 - -341. Is 5321 + (i - 4) - 6 a prime number?
False
Is 1080408/18 - 32/(-12)*2/(-8) composite?
True
Let b(p) = 406*p + 1. Let f be b(-2). Let u = 1580 + f. Suppose 0 = -4*t + n + u, n + 4*n = -25. Is t a prime number?
True
Is 4235470/4 - (-5265)/(-810) a composite number?
False
Suppose 5*w + 3*z = 447062, 4*z - 357648 = 189*w - 193*w. Is w composite?
False
Let u(r) = -77*r + 4. Suppose -s + 2*s - 5*s = 0. Suppose s = -5*v + 14 - 59. Is u(v) a composite number?
True
Let y = 276680 - 579. Is y a prime number?
False
Is 6*(-6)/288*53764*-14 a composite number?
True
Is (82344/1752)/((-5780)/(-5779) + -1) a prime number?
False
Suppose 0 = -34*h + 9*h - 375. Suppose -57 = -j - 4*v, 3*j = -3*v + 5*v + 115. Is (-19)/57*h*j composite?
True
Suppose 31*b - 33*b + 16106 = 4*f, 8054 = b + 3*f. Is b a composite number?
True
Let x(c) = 54378*c**2 + 28*c + 31. Is x(-1) a composite number?
True
Suppose 0*q - 571 = 3*a + 5*q, -3*a + 2*q = 557. Let b = 1823 - a. Suppose -b = -7*y + 853. Is y a prime number?
True
Let l(n) = 12651*n + 3364. Is l(7) a composite number?
False
Let k be -7 + 10 - -2*(-14)/(-4). Suppose 4*y + 4*p = 6*p + k, -4*p - 8 = -4*y. Suppose -2*w = -5*l + y*l + 3966, 4*l - 5*w = 7936. Is l prime?
True
Let j(m) = -25*m + 7. Let f be 36/(-18) - (3 + (0 - -1)). Let o be f - -6*(0 + 2/(-3)). Is j(o) a prime number?
True
Suppose 24*h - 22*h - 264 = 3*s, 0 = -3*h + s + 410. Suppose -142*q + 21044 = -h*q. Is q prime?
True
Suppose -2*w = -2*x + 5482 - 1466, 0 = -3*x + 5*w + 6030. Let z = -642 + x. Is z composite?
True
Suppose -m - 435286 = -2*q, 3*q - 385394 - 267540 = 4*m. Is q a composite number?
True
Let c = -109 + 120. Suppose 15426 = c*p - 3637. Is p composite?
False
Suppose -b - 5*i = -0*b - 1014, -2992 = -3*b - 5*i. Suppose p - 192 = b. Is p prime?
True
Let z(b) be the second derivative of -7*b**6/60 - 7*b**5/120 + 13*b**4/4 + 21*b. Let s(j) be the third derivative of z(j). Is s(-2) a prime number?
False
Let a(r) = -3*r**3 - 2*r**2 - 3*r - 1. Let u = 63 - 61. Suppose -p - 3 = 0, -2*o + 3*p + u + 1 = 0. Is a(o) composite?
False
Suppose 4394535 + 19375671 = 54*w. Is w composite?
True
Let s be -2 + (-3 - (-8 - (-4)/(-4))). Suppose -4*a + 10 = 5*d, -5*a + 2*d = 4*d - s. Suppose a = -7*w - 58 + 1045. Is w composite?
True
Suppose 0 = -3*g + 7*g - 2*g. Suppose 3*b - 3*n + 6*n - 6351 = g, 3*n + 6 = 0. Is (-4)/(-6) + b/3 - 1 a composite number?
True
Suppose -239679 = -2*h + 467059. Is h a prime number?
False
Is (8/(1056/140943))/(1/4) a prime number?
True
Let o = 31702 - -265939. Suppose -35*g + 23694 = -o. Is g composite?
False
Let q = -84248 - -121147. Is q prime?
True
Is -5 + -22 + 940375 + -59 a prime number?
False
Suppose -2*r = -5*q - 0 - 14, 5*q = -5*r. Suppose 3 = 4*z + z + 4*u, 3 = -r*z - 3*u. Suppose a + 155 = 2*m, -a = -m - z*a + 75. Is m a composite number?
True
Let p = 143 - 112. Let m(o) = 213*o + 116. Is m(p) a prime number?
True
Let b(f) = -14*f + 11. Let g(s) = 5*s - 4. Let q(c) = -4*b(c) - 11*g(c). Let h(l) = -379*l - 18. Let n(o) = -h(o) - 6*q(o). Is n(5) a prime number?
False
Is 11 - (-98)/(-14) - -25377 composite?
True
Let a(z) = 1740*z**2 + 2*z - 83. Is a(5) prime?
True
Let l(w) = 4*w**2 + 99*w + 62. Let z be l(-27). Suppose -3*q + 21 = -0. Suppose -q*x + z = -178. Is x a prime number?
False
Let p(u) = 3*u**3 + 4*u**2 - 2*u - 2. Let n be p(1). Suppose 2*z - 312 = -5*l, 8*z + n = 11*z. Is l a composite number?
True
Is (1081478086/119)/26 - (-8)/14 composite?
True
Let m(c) = 3*c**2 + 14*c + 5663. Is m(-66) a prime number?
True
Let y(r) = -2*r**3 - 11*r**2 + 10*r - 16. Let d be (-26)/(-130) + 76/(-5). Is y(d) composite?
True
Let c(v) = -v**3 - 11*v**2 + 16*v + 15. Suppose 2*d = -3*d - 2*t - 54, -4*t - 38 = 3*d. Let s be c(d). Let a = s - -436. Is a composite?
False
Let m(z) = 94*z + 89. Let s(p) = -190*p - 179. Let b(t) = 11*m(t) + 6*s(t). Is b(-6) a composite number?
False
Suppose 321445 - 2195 = -10*b. Is (-1)/(b/(-5321) - 6) prime?
F